alculate the remainder when q(7) is divided by 8.
4
Suppose 294 = 2*w + 5*c, w - 153 = -c - 3*c. Suppose -4*l + 2*v = 5*v - 97, 4*l - 5*v - w = 0. What is the remainder when l is divided by 10?
8
Let v(j) = j**3 + 6*j**2 + 6*j + 4. Let l be v(-5). Let a = 6 - l. What is the remainder when 11 is divided by a?
4
Suppose m - 15 = 4*h, 3*h = -2*m + 19 - 0. Let y = 15 - m. Calculate the remainder when 14 is divided by y.
2
Let d = 40 + -23. Calculate the remainder when d is divided by (0 - -5) + 24 + -23.
5
Suppose -j - 4*h = -7*h - 8, -2*j = -4*h - 10. What is the remainder when j + 2 + -2 + 40 is divided by 16 - 1*(-1 + 3)?
11
Let y = 0 - -2. Calculate the remainder when 1*(0 + y) + 29 is divided by 17.
14
Suppose 112 = 5*v - v. Calculate the remainder when 54 is divided by v.
26
Let y(v) = -v**3 + 2. Let j be y(2). Let d = 19 - j. What is the remainder when d is divided by 13?
12
Suppose 2*l = l - 4*h + 43, -2*h = -l + 13. Let q(k) be the first derivative of k**3/3 - 3*k**2/2 + 4*k - 5. Calculate the remainder when q(8) is divided by l.
21
Suppose 6 = 3*a, 3*r - 2*a = -0*a + 50. Let l = 80 - 12. What is the remainder when l is divided by r?
14
Suppose -14*m = -4*m - 110. What is the remainder when 175 is divided by m?
10
Calculate the remainder when 49 is divided by ((-39)/2)/(21/(-28)).
23
What is the remainder when (1/3)/((-4)/(-804)) is divided by 18?
13
Let i = 13 + 28. Calculate the remainder when i is divided by 11.
8
Let v be (1 + (3 - 4))/(-1). Suppose 43 + 17 = 2*x. What is the remainder when (-4 - -2) + v + x is divided by 15?
13
Let p = 4 - -1. Suppose -52 = -0*b - b. Suppose 0*o - 4*o = -b. Calculate the remainder when o is divided by p.
3
Suppose 7*w + 4*w = 187. Let j(n) = 6*n - 1. What is the remainder when w is divided by j(1)?
2
Calculate the remainder when 11 is divided by 7*(-2)/4*-2.
4
Let m(t) = 5*t + 4. Let n be m(-6). Let h = n + 61. What is the remainder when h is divided by 12?
11
Let r be -7 + 18 + (0 - 1). Suppose -x = -r - 1. Suppose -4*j = 4*s + j - 153, -3*s - j + 101 = 0. What is the remainder when s is divided by x?
10
Let f(o) = 7*o**2 - 5*o - 6 + 4*o - o + o**3. Calculate the remainder when f(-6) is divided by 15.
12
Let m(w) = w - 10. Let r be m(8). Let i = r + 0. Calculate the remainder when 43 is divided by i/(3/45*-2).
13
Suppose 0*q - y + 7 = 2*q, -2*y - 40 = -5*q. What is the remainder when 17 is divided by q?
5
Suppose -45 = 2*s - 5*s. Let g(h) = -2*h - 2. Let f be g(-3). Suppose 4*j - 43 = -l + f, -l + 4*j + 39 = 0. Calculate the remainder when l is divided by s.
13
Let j be 329/7*-1*3. Let l(u) = -u**2 + 9*u - 2. What is the remainder when ((-6)/(-18))/((-1)/j) is divided by l(6)?
15
Let v be ((-6)/5)/(1/(-15)). Let c = -9 + 11. Calculate the remainder when (4/6)/(4/v) is divided by c.
1
What is the remainder when (-8)/((-7)/(196/8)) is divided by 15?
13
What is the remainder when (-137)/(-2) - 3/2 is divided by 18?
13
Let k be (-55)/(-10) - 3/(-2). Suppose -k*w = -w - 312. Calculate the remainder when w is divided by 18.
16
Suppose -68 = -3*k + 10. Suppose -3*g + k + 13 = 0. What is the remainder when g is divided by 4?
1
Suppose -2 = -w, -4*t + 12 + 50 = 3*w. What is the remainder when 25 is divided by t?
11
Suppose -l + 3 = -7. Suppose 2*g - g = l. Calculate the remainder when ((-348)/(-18))/((-4)/(-6)) is divided by g.
9
Let w = -5 + 9. Suppose w*s - 3*l - 54 = s, 2*s + 4*l = 36. Calculate the remainder when s is divided by 5.
3
Suppose x + y + 5 = 0, 2*x - 5*x - 5*y - 25 = 0. Suppose n + 2*l - 10 = -2*l, x = -3*n - 4*l + 62. What is the remainder when 50 is divided by n?
24
Let c(v) = -v + 1. Let o be c(-5). What is the remainder when 40 is divided by 12 + 7/(21/o)?
12
Suppose -30 = 6*v - v. Calculate the remainder when 25 is divided by 3/(-1*2/v).
7
Let h = -16 + 10. Let f = h + 8. What is the remainder when 5 is divided by f?
1
Let i = -2 + 4. Suppose -i*t = -5*m - 22, -3*t + 0*m = -2*m - 22. Calculate the remainder when 10 is divided by t.
4
What is the remainder when 2*-50*5/(-20) is divided by 4/14 + (-61)/(-7)?
7
Let v(w) be the second derivative of w**4/12 - w**3/6 + w**2/2 - 4*w. What is the remainder when 1 is divided by v(1)?
0
Let v(q) = 112*q**3 - q**2 - q - 1. Let m be v(-1). Let y = m - -162. Calculate the remainder when y is divided by 17.
15
Let q(u) = u**3 - 5*u**2 + 5*u - 1. Let m = 11 + -7. What is the remainder when q(m) is divided by 2?
1
Let s be 9 + (-4)/4*4. Suppose 7 = -s*m + 172. What is the remainder when m is divided by 17?
16
Let k = 85 - 53. Suppose 0*r - 51 = -3*r. Let d = k - r. What is the remainder when d is divided by 8?
7
Let h be (-8)/(-3) + (-2)/(-6). Let k = h + -1. Let n = 7 + -4. Calculate the remainder when n is divided by k.
1
Suppose 4*l - 3*l - 10 = 3*r, 4*r = -2*l + 60. Suppose -v + l = 4. Let a = v - 13. Calculate the remainder when 8 is divided by a.
3
Let v(u) = 2*u + 11. What is the remainder when v(8) is divided by 7?
6
Suppose 4*b - 1 - 15 = 0. Let r(k) = k**3 + 4*k**2 - 6*k - 2. Let y be r(-5). Suppose 9 = -0*z + y*z. What is the remainder when b is divided by z?
1
Let q(x) = 4*x - 4. Let s = 6 - 0. Let c(r) = 2*r**2 - r + 1. What is the remainder when q(s) is divided by c(2)?
6
Suppose 6 = 4*k + 2, -5*h + 5*k = -80. Calculate the remainder when h is divided by 9.
8
Let v = 110 + -32. What is the remainder when v is divided by 22?
12
Suppose -h = -0*h. What is the remainder when -25*(12/(-10) - h) is divided by 16?
14
Let w(l) = 3*l + 5. Suppose 0 = -2*r - 3*r + 30. What is the remainder when w(r) is divided by 13?
10
Suppose 2*x = 3*x - 1. Let t be -2 - (-39 + 2)*x. Suppose 2*n + 0*n = i + t, -69 = -4*n + i. Calculate the remainder when 49 is divided by n.
15
Let g be (-30)/7 + 6/21. What is the remainder when 37 is divided by ((-39)/(-6))/((-2)/g)?
11
Let d be (-3 - (-3 + -1)) + 3. Suppose -4*h = 2*r - d, 4*r + r - 38 = 4*h. What is the remainder when 5 is divided by (r/3)/(0 - -1)?
1
Let p(z) = -11*z - 27. What is the remainder when p(-11) is divided by 32?
30
Let n(s) = -s**3 + 6*s**2 - 6*s. Let i be ((-2)/(-6))/(1/12). What is the remainder when 23 is divided by n(i)?
7
Let v(k) = k**2 + 5*k - 9. Let n be v(7). Suppose 0 = 2*y + y - n. Calculate the remainder when y is divided by 14.
11
Suppose 0 = 3*v - 13 - 23. Calculate the remainder when 34 is divided by v.
10
Let y be -1*(-2 + (-33)/(-1)). Let z = -99 - -151. Let l = z + y. What is the remainder when 40 is divided by l?
19
Suppose 14*z - 19*z = -830. Calculate the remainder when z is divided by 12.
10
Calculate the remainder when 43 is divided by (-1)/(-2)*24/20*15.
7
Suppose 4*m - 52 = -5*f, 4*f = -m + 3*f + 13. Calculate the remainder when m is divided by 4.
1
Let j = 6 + -4. Suppose -2*s + 87 = f, 0*f = -j*s - 4*f + 102. Suppose 0 = -2*n - u + s, -4*n + 5*u + 33 = -14. Calculate the remainder when n is divided by 7.
4
Let n = 13 + -4. Calculate the remainder when 26 is divided by n.
8
Suppose 5*t + 7 = 42. Calculate the remainder when 23 is divided by t.
2
Suppose 0 = 5*n + z - 0*z - 163, 2*n - 2*z - 58 = 0. Let r = 314 + -307. Calculate the remainder when n is divided by r.
4
Let c = 620 - 364. Suppose z + c = 5*z. Suppose 0 = -0*t + 4*t - z. Calculate the remainder when 46 is divided by t.
14
Let q be -2*(-1 - -3) - -2. What is the remainder when 34 is divided by 12 - q/4*0?
10
Suppose 11*w - 328 = 9*w. What is the remainder when w is divided by 33?
32
Let c = 117 + -52. What is the remainder when c is divided by 17?
14
Let v = -5 - -12. What is the remainder when 26 is divided by v?
5
Let y = -42 + 98. Calculate the remainder when y is divided by 12.
8
Suppose 0 = 3*j - 6. Suppose 0 = -j*g + 6 + 10. Calculate the remainder when 23 is divided by g.
7
Suppose -4*r = -12, 177 = 4*u + r + 2*r. Calculate the remainder when u is divided by 11.
9
Let u be (-3)/(-2 + 38/16). Suppose -4*h - 2*g = -26, h + 3*g - 14 = -0*h. What is the remainder when h is divided by (16/6)/(u/(-12))?
1
Suppose 0 = v - 0 - 10. Calculate the remainder when 39 is divided by v.
9
Let j(r) = r**3 + 6*r**2 + 4. Suppose -5*t = -l + 34, l - 12 = 3*t + 10. What is the remainder when 9 is divided by j(t)?
1
Suppose -77 - 19 = -m. Suppose -39 = -h + 2*y + 3*y, -2*h + m = -4*y. Let o(k) = 3*k - 4. Calculate the rem